1205 is divided by 3.
2
What is the remainder when 53425 is divided by 1406?
1403
Calculate the remainder when 158715 is divided by 8817.
9
Calculate the remainder when 11590433 is divided by 253.
250
Calculate the remainder when 18325 is divided by 390.
385
What is the remainder when 8639 is divided by 149?
146
Calculate the remainder when 1874 is divided by 257.
75
Calculate the remainder when 104286 is divided by 312.
78
What is the remainder when 323 is divided by 27?
26
What is the remainder when 1229815 is divided by 9?
1
Calculate the remainder when 11497 is divided by 124.
89
Calculate the remainder when 1084057 is divided by 204.
1
Calculate the remainder when 145808 is divided by 491.
472
Calculate the remainder when 17484 is divided by 106.
100
Calculate the remainder when 48838 is divided by 17.
14
Calculate the remainder when 5745 is divided by 934.
141
What is the remainder when 69489 is divided by 12?
9
What is the remainder when 62326 is divided by 6924?
10
Calculate the remainder when 5027 is divided by 4956.
71
Calculate the remainder when 1290 is divided by 574.
142
Calculate the remainder when 6403 is divided by 6391.
12
What is the remainder when 1334 is divided by 171?
137
What is the remainder when 711 is divided by 381?
330
What is the remainder when 131041 is divided by 697?
5
What is the remainder when 2332 is divided by 521?
248
Calculate the remainder when 3078 is divided by 1590.
1488
What is the remainder when 1173741 is divided by 99?
96
Calculate the remainder when 1202 is divided by 166.
40
Calculate the remainder when 55360 is divided by 189.
172
Calculate the remainder when 6850 is divided by 974.
32
Calculate the remainder when 134648 is divided by 15.
8
What is the remainder when 1391 is divided by 419?
134
What is the remainder when 2910 is divided by 573?
45
What is the remainder when 1586 is divided by 17?
5
What is the remainder when 216320 is divided by 137?
134
Calculate the remainder when 167525 is divided by 43.
40
What is the remainder when 68959 is divided by 127?
125
What is the remainder when 96136 is divided by 126?
124
Calculate the remainder when 224312 is divided by 76.
36
What is the remainder when 2291 is divided by 998?
295
Calculate the remainder when 37573 is divided by 18775.
23
What is the remainder when 217 is divided by 150?
67
What is the remainder when 123598 is divided by 13727?
55
What is the remainder when 3498 is divided by 31?
26
Calculate the remainder when 425221 is divided by 141731.
28
Calculate the remainder when 141102 is divided by 4.
2
Calculate the remainder when 926 is divided by 177.
41
Calculate the remainder when 5503691 is divided by 2445.
2441
Calculate the remainder when 6721 is divided by 621.
511
What is the remainder when 1610316 is divided by 322?
316
Calculate the remainder when 21501 is divided by 24.
21
Calculate the remainder when 32021 is divided by 804.
665
Calculate the remainder when 257037 is divided by 85.
82
What is the remainder when 19108 is divided by 39?
37
Calculate the remainder when 476780 is divided by 977.
4
Calculate the remainder when 298323 is divided by 91.
25
What is the remainder when 39466 is divided by 7889?
21
What is the remainder when 2153 is divided by 107?
13
What is the remainder when 1602 is divided by 1548?
54
What is the remainder when 20770 is divided by 12?
10
Calculate the remainder when 43957 is divided by 14.
11
Calculate the remainder when 3460 is divided by 815.
200
What is the remainder when 13608 is divided by 2241?
162
What is the remainder when 5287 is divided by 1055?
12
Calculate the remainder when 194536 is divided by 48615.
76
Calculate the remainder when 1345 is divided by 1341.
4
What is the remainder when 47202 is divided by 526?
388
Calculate the remainder when 650 is divided by 41.
35
What is the remainder when 16306 is divided by 4070?
26
Calculate the remainder when 905584 is divided by 162.
4
What is the remainder when 2808 is divided by 2021?
787
Calculate the remainder when 2327 is divided by 137.
135
What is the remainder when 1788 is divided by 29?
19
What is the remainder when 11064 is divided by 442?
14
Calculate the remainder when 4953 is divided by 124.
117
Calculate the remainder when 11810 is divided by 5885.
40
What is the remainder when 4834 is divided by 1586?
76
Calculate the remainder when 582 is divided by 248.
86
What is the remainder when 53881 is divided by 3366?
25
Calculate the remainder when 10122 is divided by 563.
551
What is the remainder when 1603 is divided by 200?
3
Calculate the remainder when 3428 is divided by 599.
433
What is the remainder when 163086 is divided by 593?
11
Calculate the remainder when 38193 is divided by 83.
13
Calculate the remainder when 1204 is divided by 1181.
23
What is the remainder when 6416 is divided by 379?
352
Calculate the remainder when 15186 is divided by 3022.
76
What is the remainder when 5177 is divided by 84?
53
What is the remainder when 1218999 is divided by 578?
575
What is the remainder when 108577 is divided by 81?
37
What is the remainder when 2157713 is divided by 39?
38
What is the remainder when 81491 is divided by 9?
5
Calculate the remainder when 1945 is divided by 86.
53
Calculate the remainder when 2581 is divided by 179.
75
What is the remainder when 2499 is divided by 830?
9
What is the remainder when 256950 is divided by 76?
70
What is the remainder when 41388 is divided by 1437?
1152
Calculate the remainder when 22211 is divided by 124.
15
What is the remainder when 8718 is divided by 280?
38
Calculate the remainder when 849 is divided by 167.
14
What is the remainder when 318485 is divided by 21?
20
What is the remainder when 32066 is divided by 83?
28
What is the remainder when 6102 is divided by 129?
39
Calculate the remainder when 2406038 is divided by 14.
12
What is the remainder when 12381 is divided by 100?
81
What is the remainder when 3145 is divided by 285?
10
Calculate the remainder when 15774 is divided by 7872.
30
What is the remainder when 3309 is divided by 3232?
77
What is the remainder when 105751 is divided by 105748?
3
What is the remainder when 1053710 is divided by 61?
57
Calculate the remainder when 41062 is divided by 70.
42
What is the remainder when 5802 is divided by 721?
34
Calculate the remainder when 804752 is divided by 64.
16
Calculate the remainder when 133945 is divided by 11.
9
What is the remainder when 16057 is divided by 73?
70
Calculate the remainder when 9623 is divided by 153.
137
What is the remainder when 2769 is divided by 122?
85
Calculate the remainder when 7721 is divided by 56.
49
What is the remainder when 1029124 is divided by 21?
19
Calculate the remainder when 2959 is divided by 2711.
248
What is the remainder when 3360 is divided by 561?
555
What is the remainder when 66595 is divided by 148?
143
What is the remainder when 593 is divided by 367?
226
Calculate the remainder when 180526 is divided by 32.
14
What is the remainder when 3948 is divided by 395?
393
Calculate the remainder when 1595 is divided by 84.
83
Calculate the remainder when 9265 is divided by 9101.
164
What is the remainder when 2338 is divided by 192?
34
What is the remainder when 25498 is divided by 85?
83
What is the remainder when 21533 is divided by 234?
5
Calculate the remainder when 3322 is divided by 378.
298
Calculate the remainder when 18491 is divided by 2271.
323
What is the remainder when 2103301 is divided by 83?
81
Calculate the remainder when 13500 is divided by 73.
68
Calculate the remainder when 84416 is divided by 70.
66
What is the remainder when 1899195 is divided by 2188?
11
Calculate the remainder when 983550 is divided by 904.
902
Calculate the remainder when 14021 is divided by 4594.
239
Calculate the remainder when 24331 is divided by 246.
223
Calculate the remainder when 3716 is divided by 73.
66
What is the remainder when 16684 is divided by 694?
28
What is the remainder when 10642 is divided by 2127?
7
Calculate the remainder when 31013 is divided by 261.
215
What is the remainder when 10482 is divided by 1153?
105
Calculate the remainder when 6586 is divided by 201.
154
Calculate the remainder when 1114 is divided by 1114.
0
What is the remainder when 42661 is d